{"id":863,"date":"2017-10-05T17:16:39","date_gmt":"2017-10-05T14:16:39","guid":{"rendered":"http:\/\/cmff.md\/?page_id=863"},"modified":"2017-10-06T15:31:12","modified_gmt":"2017-10-06T12:31:12","slug":"programe-teritoriale","status":"publish","type":"page","link":"https:\/\/cmff.md\/?page_id=863","title":{"rendered":"PROGRAME TERITORIALE"},"content":{"rendered":"<p><span style=\"color: #0000ff; font-size: 14pt; font-family: 'times new roman', times, serif;\"><a style=\"color: #0000ff;\" href=\"http:\/\/cmff.md\/wp-content\/uploads\/2017\/10\/Programul-de-control-al-cancerului-\u00een-r.-Flore\u015fti-pentru-anii-2017-2025.pdf\"><strong>Programul\u00a0 de control al cancerului \u00een r. Flore\u015fti pentru anii 2017-2025<\/strong><\/a><\/span><\/p>\n<p style=\"text-align: left;\"><a href=\"http:\/\/cmff.md\/wp-content\/uploads\/2017\/10\/Programul-de-prevenire-\u015fi-control-al-bolilor-netransmisibile-\u00een-raionul-Flore\u015fti-pentru-anii-2017-2020.pdf\"><span style=\"font-family: 'times new roman', times, serif; font-size: 14pt; color: #0000ff;\"><strong>Programul\u00a0 de prevenire \u015fi control al bolilor netransmisibile \u00een raionul Flore\u015fti pentru anii 2017-2020<\/strong><\/span><\/a><\/p>\n<p style=\"text-align: left;\"><a href=\"http:\/\/cmff.md\/wp-content\/uploads\/2017\/10\/Programul-raional-de-control-al-tuberculozei-pentru-anii-2017-2020.pdf\"><span style=\"font-family: 'times new roman', times, serif; font-size: 14pt; color: #0000ff;\"><strong>Programul raional de control al tuberculozei pentru anii 2017-2020<\/strong><\/span><\/a><\/p>\n<p style=\"text-align: left;\"><a href=\"http:\/\/cmff.md\/wp-content\/uploads\/2017\/10\/Programul-raional-de-imuniz\u0103ri-pentru-anii-2017-2020.pdf\"><span style=\"font-family: 'times new roman', times, serif; font-size: 14pt; color: #0000ff;\"><strong>Programul raional de imuniz\u0103ri\u00a0 pentru anii 2017-2020<\/strong><\/span><\/a><\/p>\n<p style=\"text-align: left;\"><a href=\"http:\/\/cmff.md\/wp-content\/uploads\/2017\/10\/Programul-raional-de-prevenire-\u015fi-control-al-infec\u0163iei-HIV-SIDA-\u015fi-inf.cu-transmitere-sexual\u0103-anii-2017-2020.pdf\"><span style=\"font-family: 'times new roman', times, serif; font-size: 14pt; color: #0000ff;\"><strong>Programul raional de prevenire \u015fi control al infec\u0163iei HIV SIDA\u00a0 \u015fi inf.cu transmitere sexual\u0103 anii 2017-2020<\/strong><\/span><\/a><\/p>\n<p style=\"text-align: left;\"><a href=\"http:\/\/cmff.md\/wp-content\/uploads\/2017\/10\/Programul-raional-de-promovare-a-sanatii-pentru-anii-2017-2020.pdf\"><span style=\"font-family: 'times new roman', times, serif; font-size: 14pt; color: #0000ff;\"><strong>Programul raional de promovare a sanatii pentru anii 2017-2020<\/strong><\/span><\/a><\/p>\n<p style=\"text-align: left;\"><a href=\"http:\/\/cmff.md\/wp-content\/uploads\/2017\/10\/Programul-raional-\u00een-domeniul-alimenta\u0163iei-\u015fi-nutri\u0163iei-pentru-anii-2017-2020.pdf\"><span style=\"font-family: 'times new roman', times, serif; font-size: 14pt; color: #0000ff;\"><strong>Programul raional \u00een domeniul alimenta\u0163iei \u015fi nutri\u0163iei pentru anii 2017-2020<\/strong><\/span><\/a><\/p>\n","protected":false},"excerpt":{"rendered":"<p>Programul\u00a0 de control al cancerului \u00een r. Flore\u015fti pentru anii 2017-2025 Programul\u00a0 de prevenire \u015fi control al bolilor netransmisibile \u00een raionul Flore\u015fti pentru anii 2017-2020 Programul raional de control al tuberculozei pentru anii 2017-2020 Programul raional de imuniz\u0103ri\u00a0 pentru anii 2017-2020 Programul raional de prevenire \u015fi control al infec\u0163iei HIV SIDA\u00a0 \u015fi inf.cu transmitere sexual\u0103 [&hellip;]<\/p>\n","protected":false},"author":1,"featured_media":0,"parent":0,"menu_order":0,"comment_status":"closed","ping_status":"closed","template":"","meta":{"footnotes":""},"class_list":["post-863","page","type-page","status-publish","hentry"],"_links":{"self":[{"href":"https:\/\/cmff.md\/index.php?rest_route=\/wp\/v2\/pages\/863","targetHints":{"allow":["GET"]}}],"collection":[{"href":"https:\/\/cmff.md\/index.php?rest_route=\/wp\/v2\/pages"}],"about":[{"href":"https:\/\/cmff.md\/index.php?rest_route=\/wp\/v2\/types\/page"}],"author":[{"embeddable":true,"href":"https:\/\/cmff.md\/index.php?rest_route=\/wp\/v2\/users\/1"}],"replies":[{"embeddable":true,"href":"https:\/\/cmff.md\/index.php?rest_route=%2Fwp%2Fv2%2Fcomments&post=863"}],"version-history":[{"count":5,"href":"https:\/\/cmff.md\/index.php?rest_route=\/wp\/v2\/pages\/863\/revisions"}],"predecessor-version":[{"id":906,"href":"https:\/\/cmff.md\/index.php?rest_route=\/wp\/v2\/pages\/863\/revisions\/906"}],"wp:attachment":[{"href":"https:\/\/cmff.md\/index.php?rest_route=%2Fwp%2Fv2%2Fmedia&parent=863"}],"curies":[{"name":"wp","href":"https:\/\/api.w.org\/{rel}","templated":true}]}}