{"id":859,"date":"2017-10-05T17:16:16","date_gmt":"2017-10-05T14:16:16","guid":{"rendered":"http:\/\/cmff.md\/?page_id=859"},"modified":"2023-09-29T10:21:19","modified_gmt":"2023-09-29T08:21:19","slug":"activitati","status":"publish","type":"page","link":"https:\/\/cmff.md\/?page_id=859","title":{"rendered":"ACTIVIT\u0102TI"},"content":{"rendered":"\n<p><span style=\"font-family: 'times new roman', times, serif; font-size: 20px; color: #000000;\">IMSP CMF Flore\u0219ti V\u0103 informeaz\u0103 despre activit\u0103\u021bile, care au fost \u00eentreprinse pentru<\/span> <span style=\"font-family: 'times new roman', times, serif; font-size: 20px; color: #000000;\"><strong><em><u>S\u0103pt\u0103m\u00e2na Mondial\u0103 de Ac\u021biune pentru prevenirea bolilor netransmisibile<\/u><\/em><\/strong> \u00een perioada 14 \u2013 21 septembrie 2023.<\/span><\/p>\n<p><span style=\"color: #000000;\"><strong><span style=\"font-family: 'times new roman', times, serif; font-size: 20px;\">Au fost organizate m\u0103suri at\u00e2t la nivel institu\u021bional, c\u00e2t \u0219i de c\u0103tre medicii de familie (discu\u021bii, convorbiri, prelegeri \u00een grupuri mici etc.)<\/span><\/strong><\/span><\/p>\n<p><span style=\"font-family: 'times new roman', times, serif; font-size: 20px; color: #000000;\">A fost organizat\u0103 efectuarea tonometriei arteriale (screening) pentru to\u021bi vizitatorii IMSP CMF Flore\u0219ti la data de <strong>14.09.2023<\/strong> cu informarea persoanelor despre eventualele riscuri.<\/span><\/p>\n\n\n\n<figure class=\"wp-block-gallery has-nested-images columns-default is-cropped wp-block-gallery-1 is-layout-flex wp-block-gallery-is-layout-flex\">\n<figure class=\"wp-block-image size-large\"><a href=\"https:\/\/cmff.md\/wp-content\/uploads\/2023\/09\/2509-2-2.jpg\"><img loading=\"lazy\" decoding=\"async\" width=\"1024\" height=\"768\" data-id=\"2398\" src=\"https:\/\/cmff.md\/wp-content\/uploads\/2023\/09\/2509-2-2-1024x768.jpg\" alt=\"\" class=\"wp-image-2398\" srcset=\"https:\/\/cmff.md\/wp-content\/uploads\/2023\/09\/2509-2-2-1024x768.jpg 1024w, https:\/\/cmff.md\/wp-content\/uploads\/2023\/09\/2509-2-2-300x225.jpg 300w, https:\/\/cmff.md\/wp-content\/uploads\/2023\/09\/2509-2-2-768x576.jpg 768w, https:\/\/cmff.md\/wp-content\/uploads\/2023\/09\/2509-2-2-1536x1152.jpg 1536w, https:\/\/cmff.md\/wp-content\/uploads\/2023\/09\/2509-2-2.jpg 1600w\" sizes=\"auto, (max-width: 1024px) 100vw, 1024px\" \/><\/a><\/figure>\n\n\n\n<figure class=\"wp-block-image size-large\"><a href=\"https:\/\/cmff.md\/wp-content\/uploads\/2023\/09\/2509-3-2.jpg\"><img loading=\"lazy\" decoding=\"async\" width=\"768\" height=\"1024\" data-id=\"2399\" src=\"https:\/\/cmff.md\/wp-content\/uploads\/2023\/09\/2509-3-2-768x1024.jpg\" alt=\"\" class=\"wp-image-2399\" srcset=\"https:\/\/cmff.md\/wp-content\/uploads\/2023\/09\/2509-3-2-768x1024.jpg 768w, https:\/\/cmff.md\/wp-content\/uploads\/2023\/09\/2509-3-2-225x300.jpg 225w, https:\/\/cmff.md\/wp-content\/uploads\/2023\/09\/2509-3-2-1152x1536.jpg 1152w, https:\/\/cmff.md\/wp-content\/uploads\/2023\/09\/2509-3-2.jpg 1200w\" sizes=\"auto, (max-width: 768px) 100vw, 768px\" \/><\/a><\/figure>\n\n\n\n<figure class=\"wp-block-image size-large\"><a href=\"https:\/\/cmff.md\/wp-content\/uploads\/2023\/09\/2509-4-2.jpg\"><img loading=\"lazy\" decoding=\"async\" width=\"768\" height=\"1024\" data-id=\"2401\" src=\"https:\/\/cmff.md\/wp-content\/uploads\/2023\/09\/2509-4-2-768x1024.jpg\" alt=\"\" class=\"wp-image-2401\" srcset=\"https:\/\/cmff.md\/wp-content\/uploads\/2023\/09\/2509-4-2-768x1024.jpg 768w, https:\/\/cmff.md\/wp-content\/uploads\/2023\/09\/2509-4-2-225x300.jpg 225w, https:\/\/cmff.md\/wp-content\/uploads\/2023\/09\/2509-4-2-1152x1536.jpg 1152w, https:\/\/cmff.md\/wp-content\/uploads\/2023\/09\/2509-4-2.jpg 1200w\" sizes=\"auto, (max-width: 768px) 100vw, 768px\" \/><\/a><\/figure>\n\n\n\n<figure class=\"wp-block-image size-large\"><a href=\"https:\/\/cmff.md\/wp-content\/uploads\/2023\/09\/2509-5-2.jpg\"><img loading=\"lazy\" decoding=\"async\" width=\"768\" height=\"1024\" data-id=\"2400\" src=\"https:\/\/cmff.md\/wp-content\/uploads\/2023\/09\/2509-5-2-768x1024.jpg\" alt=\"\" class=\"wp-image-2400\" srcset=\"https:\/\/cmff.md\/wp-content\/uploads\/2023\/09\/2509-5-2-768x1024.jpg 768w, https:\/\/cmff.md\/wp-content\/uploads\/2023\/09\/2509-5-2-225x300.jpg 225w, https:\/\/cmff.md\/wp-content\/uploads\/2023\/09\/2509-5-2-1152x1536.jpg 1152w, https:\/\/cmff.md\/wp-content\/uploads\/2023\/09\/2509-5-2.jpg 1200w\" sizes=\"auto, (max-width: 768px) 100vw, 768px\" \/><\/a><\/figure>\n\n\n\n<figure class=\"wp-block-image size-large\"><a href=\"https:\/\/cmff.md\/wp-content\/uploads\/2023\/09\/2509-7-2.jpg\"><img loading=\"lazy\" decoding=\"async\" width=\"1024\" height=\"768\" data-id=\"2402\" src=\"https:\/\/cmff.md\/wp-content\/uploads\/2023\/09\/2509-7-2-1024x768.jpg\" alt=\"\" class=\"wp-image-2402\" srcset=\"https:\/\/cmff.md\/wp-content\/uploads\/2023\/09\/2509-7-2-1024x768.jpg 1024w, https:\/\/cmff.md\/wp-content\/uploads\/2023\/09\/2509-7-2-300x225.jpg 300w, https:\/\/cmff.md\/wp-content\/uploads\/2023\/09\/2509-7-2-768x576.jpg 768w, https:\/\/cmff.md\/wp-content\/uploads\/2023\/09\/2509-7-2-1536x1152.jpg 1536w, https:\/\/cmff.md\/wp-content\/uploads\/2023\/09\/2509-7-2.jpg 1600w\" sizes=\"auto, (max-width: 1024px) 100vw, 1024px\" \/><\/a><\/figure>\n\n\n\n<figure class=\"wp-block-image size-large\"><a href=\"https:\/\/cmff.md\/wp-content\/uploads\/2023\/09\/2509-9-2.jpg\"><img loading=\"lazy\" decoding=\"async\" width=\"768\" height=\"1024\" data-id=\"2403\" src=\"https:\/\/cmff.md\/wp-content\/uploads\/2023\/09\/2509-9-2-768x1024.jpg\" alt=\"\" class=\"wp-image-2403\" srcset=\"https:\/\/cmff.md\/wp-content\/uploads\/2023\/09\/2509-9-2-768x1024.jpg 768w, https:\/\/cmff.md\/wp-content\/uploads\/2023\/09\/2509-9-2-225x300.jpg 225w, https:\/\/cmff.md\/wp-content\/uploads\/2023\/09\/2509-9-2-1152x1536.jpg 1152w, https:\/\/cmff.md\/wp-content\/uploads\/2023\/09\/2509-9-2.jpg 1200w\" sizes=\"auto, (max-width: 768px) 100vw, 768px\" \/><\/a><\/figure>\n<\/figure>\n\n\n\n<p><span style=\"font-family: 'times new roman', times, serif; font-size: 20px; color: #000000;\">La data de <strong>14.09.2023<\/strong>, de c\u0103tre voluntarii Centrului de S\u0103n\u0103tate Prietenos Tinerilor \u201d\u00cencredere\u201d au fost distribuite materiale informative tuturor cet\u0103\u021benilor din preajma institu\u021biei \u0219i prim\u0103ria ora\u0219ului.<\/span><\/p>\n\n\n\n<figure class=\"wp-block-gallery has-nested-images columns-default is-cropped wp-block-gallery-2 is-layout-flex wp-block-gallery-is-layout-flex\">\n<figure class=\"wp-block-image size-large\"><a href=\"https:\/\/cmff.md\/wp-content\/uploads\/2023\/09\/IMG_5390-1.jpg\"><img loading=\"lazy\" decoding=\"async\" width=\"1024\" height=\"768\" data-id=\"2406\" src=\"https:\/\/cmff.md\/wp-content\/uploads\/2023\/09\/IMG_5390-1.jpg\" alt=\"\" class=\"wp-image-2406\" srcset=\"https:\/\/cmff.md\/wp-content\/uploads\/2023\/09\/IMG_5390-1.jpg 1024w, https:\/\/cmff.md\/wp-content\/uploads\/2023\/09\/IMG_5390-1-300x225.jpg 300w, https:\/\/cmff.md\/wp-content\/uploads\/2023\/09\/IMG_5390-1-768x576.jpg 768w\" sizes=\"auto, (max-width: 1024px) 100vw, 1024px\" \/><\/a><\/figure>\n\n\n\n<figure class=\"wp-block-image size-large\"><a href=\"https:\/\/cmff.md\/wp-content\/uploads\/2023\/09\/IMG_5392-1.jpg\"><img loading=\"lazy\" decoding=\"async\" width=\"1024\" height=\"768\" data-id=\"2407\" src=\"https:\/\/cmff.md\/wp-content\/uploads\/2023\/09\/IMG_5392-1.jpg\" alt=\"\" class=\"wp-image-2407\" srcset=\"https:\/\/cmff.md\/wp-content\/uploads\/2023\/09\/IMG_5392-1.jpg 1024w, https:\/\/cmff.md\/wp-content\/uploads\/2023\/09\/IMG_5392-1-300x225.jpg 300w, https:\/\/cmff.md\/wp-content\/uploads\/2023\/09\/IMG_5392-1-768x576.jpg 768w\" sizes=\"auto, (max-width: 1024px) 100vw, 1024px\" \/><\/a><\/figure>\n\n\n\n<figure class=\"wp-block-image size-large\"><a href=\"https:\/\/cmff.md\/wp-content\/uploads\/2023\/09\/IMG_5393-1.jpg\"><img loading=\"lazy\" decoding=\"async\" width=\"1024\" height=\"768\" data-id=\"2408\" src=\"https:\/\/cmff.md\/wp-content\/uploads\/2023\/09\/IMG_5393-1.jpg\" alt=\"\" class=\"wp-image-2408\" srcset=\"https:\/\/cmff.md\/wp-content\/uploads\/2023\/09\/IMG_5393-1.jpg 1024w, https:\/\/cmff.md\/wp-content\/uploads\/2023\/09\/IMG_5393-1-300x225.jpg 300w, https:\/\/cmff.md\/wp-content\/uploads\/2023\/09\/IMG_5393-1-768x576.jpg 768w\" sizes=\"auto, (max-width: 1024px) 100vw, 1024px\" \/><\/a><\/figure>\n\n\n\n<figure class=\"wp-block-image size-large\"><a href=\"https:\/\/cmff.md\/wp-content\/uploads\/2023\/09\/IMG_5394-1.jpg\"><img loading=\"lazy\" decoding=\"async\" width=\"1024\" height=\"768\" data-id=\"2410\" src=\"https:\/\/cmff.md\/wp-content\/uploads\/2023\/09\/IMG_5394-1.jpg\" alt=\"\" class=\"wp-image-2410\" srcset=\"https:\/\/cmff.md\/wp-content\/uploads\/2023\/09\/IMG_5394-1.jpg 1024w, https:\/\/cmff.md\/wp-content\/uploads\/2023\/09\/IMG_5394-1-300x225.jpg 300w, https:\/\/cmff.md\/wp-content\/uploads\/2023\/09\/IMG_5394-1-768x576.jpg 768w\" sizes=\"auto, (max-width: 1024px) 100vw, 1024px\" \/><\/a><\/figure>\n\n\n\n<figure class=\"wp-block-image size-large\"><a href=\"https:\/\/cmff.md\/wp-content\/uploads\/2023\/09\/IMG_5395-1.jpg\"><img loading=\"lazy\" decoding=\"async\" width=\"1024\" height=\"768\" data-id=\"2409\" src=\"https:\/\/cmff.md\/wp-content\/uploads\/2023\/09\/IMG_5395-1.jpg\" alt=\"\" class=\"wp-image-2409\" srcset=\"https:\/\/cmff.md\/wp-content\/uploads\/2023\/09\/IMG_5395-1.jpg 1024w, https:\/\/cmff.md\/wp-content\/uploads\/2023\/09\/IMG_5395-1-300x225.jpg 300w, https:\/\/cmff.md\/wp-content\/uploads\/2023\/09\/IMG_5395-1-768x576.jpg 768w\" sizes=\"auto, (max-width: 1024px) 100vw, 1024px\" \/><\/a><\/figure>\n\n\n\n<figure class=\"wp-block-image size-large\"><a href=\"https:\/\/cmff.md\/wp-content\/uploads\/2023\/09\/IMG_5396-1.jpg\"><img loading=\"lazy\" decoding=\"async\" width=\"1024\" height=\"768\" data-id=\"2411\" src=\"https:\/\/cmff.md\/wp-content\/uploads\/2023\/09\/IMG_5396-1.jpg\" alt=\"\" class=\"wp-image-2411\" srcset=\"https:\/\/cmff.md\/wp-content\/uploads\/2023\/09\/IMG_5396-1.jpg 1024w, https:\/\/cmff.md\/wp-content\/uploads\/2023\/09\/IMG_5396-1-300x225.jpg 300w, https:\/\/cmff.md\/wp-content\/uploads\/2023\/09\/IMG_5396-1-768x576.jpg 768w\" sizes=\"auto, (max-width: 1024px) 100vw, 1024px\" \/><\/a><\/figure>\n\n\n\n<figure class=\"wp-block-image size-large\"><a href=\"https:\/\/cmff.md\/wp-content\/uploads\/2023\/09\/IMG_5397-1.jpg\"><img loading=\"lazy\" decoding=\"async\" width=\"1024\" height=\"768\" data-id=\"2413\" src=\"https:\/\/cmff.md\/wp-content\/uploads\/2023\/09\/IMG_5397-1.jpg\" alt=\"\" class=\"wp-image-2413\" srcset=\"https:\/\/cmff.md\/wp-content\/uploads\/2023\/09\/IMG_5397-1.jpg 1024w, https:\/\/cmff.md\/wp-content\/uploads\/2023\/09\/IMG_5397-1-300x225.jpg 300w, https:\/\/cmff.md\/wp-content\/uploads\/2023\/09\/IMG_5397-1-768x576.jpg 768w\" sizes=\"auto, (max-width: 1024px) 100vw, 1024px\" \/><\/a><\/figure>\n\n\n\n<figure class=\"wp-block-image size-large\"><a href=\"https:\/\/cmff.md\/wp-content\/uploads\/2023\/09\/IMG_5398-1.jpg\"><img loading=\"lazy\" decoding=\"async\" width=\"1024\" height=\"768\" data-id=\"2412\" src=\"https:\/\/cmff.md\/wp-content\/uploads\/2023\/09\/IMG_5398-1.jpg\" alt=\"\" class=\"wp-image-2412\" srcset=\"https:\/\/cmff.md\/wp-content\/uploads\/2023\/09\/IMG_5398-1.jpg 1024w, https:\/\/cmff.md\/wp-content\/uploads\/2023\/09\/IMG_5398-1-300x225.jpg 300w, https:\/\/cmff.md\/wp-content\/uploads\/2023\/09\/IMG_5398-1-768x576.jpg 768w\" sizes=\"auto, (max-width: 1024px) 100vw, 1024px\" \/><\/a><\/figure>\n\n\n\n<figure class=\"wp-block-image size-large\"><a href=\"https:\/\/cmff.md\/wp-content\/uploads\/2023\/09\/IMG_5399-1.jpg\"><img loading=\"lazy\" decoding=\"async\" width=\"1024\" height=\"768\" data-id=\"2414\" src=\"https:\/\/cmff.md\/wp-content\/uploads\/2023\/09\/IMG_5399-1.jpg\" alt=\"\" class=\"wp-image-2414\" srcset=\"https:\/\/cmff.md\/wp-content\/uploads\/2023\/09\/IMG_5399-1.jpg 1024w, https:\/\/cmff.md\/wp-content\/uploads\/2023\/09\/IMG_5399-1-300x225.jpg 300w, https:\/\/cmff.md\/wp-content\/uploads\/2023\/09\/IMG_5399-1-768x576.jpg 768w\" sizes=\"auto, (max-width: 1024px) 100vw, 1024px\" \/><\/a><\/figure>\n<\/figure>\n\n\n\n<p><span style=\"font-family: 'times new roman', times, serif; font-size: 20px; color: #000000;\">La data de <strong>16.09.2023<\/strong> a fost organizat un meci colegial de volei cu participarea angaja\u021bilor IMSP CMF Flore\u0219ti \u0219i CSP Flore\u0219ti pe stadionul or\u0103\u0219enesc.<\/span><\/p>\n\n\n\n<figure class=\"wp-block-gallery has-nested-images columns-default is-cropped wp-block-gallery-3 is-layout-flex wp-block-gallery-is-layout-flex\">\n<figure class=\"wp-block-image size-large\"><a href=\"https:\/\/cmff.md\/wp-content\/uploads\/2023\/09\/2509-1-1.jpg\"><img loading=\"lazy\" decoding=\"async\" width=\"1024\" height=\"576\" data-id=\"2415\" src=\"https:\/\/cmff.md\/wp-content\/uploads\/2023\/09\/2509-1-1-1024x576.jpg\" alt=\"\" class=\"wp-image-2415\" srcset=\"https:\/\/cmff.md\/wp-content\/uploads\/2023\/09\/2509-1-1-1024x576.jpg 1024w, https:\/\/cmff.md\/wp-content\/uploads\/2023\/09\/2509-1-1-300x169.jpg 300w, https:\/\/cmff.md\/wp-content\/uploads\/2023\/09\/2509-1-1-768x432.jpg 768w, https:\/\/cmff.md\/wp-content\/uploads\/2023\/09\/2509-1-1-1536x864.jpg 1536w, https:\/\/cmff.md\/wp-content\/uploads\/2023\/09\/2509-1-1.jpg 1600w\" sizes=\"auto, (max-width: 1024px) 100vw, 1024px\" \/><\/a><\/figure>\n\n\n\n<figure class=\"wp-block-image size-large\"><a href=\"https:\/\/cmff.md\/wp-content\/uploads\/2023\/09\/2509-6-1.jpg\"><img loading=\"lazy\" decoding=\"async\" width=\"1024\" height=\"577\" data-id=\"2416\" src=\"https:\/\/cmff.md\/wp-content\/uploads\/2023\/09\/2509-6-1-1024x577.jpg\" alt=\"\" class=\"wp-image-2416\" srcset=\"https:\/\/cmff.md\/wp-content\/uploads\/2023\/09\/2509-6-1-1024x577.jpg 1024w, https:\/\/cmff.md\/wp-content\/uploads\/2023\/09\/2509-6-1-300x169.jpg 300w, https:\/\/cmff.md\/wp-content\/uploads\/2023\/09\/2509-6-1-768x433.jpg 768w, https:\/\/cmff.md\/wp-content\/uploads\/2023\/09\/2509-6-1-1536x866.jpg 1536w, https:\/\/cmff.md\/wp-content\/uploads\/2023\/09\/2509-6-1.jpg 1600w\" sizes=\"auto, (max-width: 1024px) 100vw, 1024px\" \/><\/a><\/figure>\n\n\n\n<figure class=\"wp-block-image size-large\"><a href=\"https:\/\/cmff.md\/wp-content\/uploads\/2023\/09\/2509-8-1.jpg\"><img loading=\"lazy\" decoding=\"async\" width=\"1024\" height=\"576\" data-id=\"2419\" src=\"https:\/\/cmff.md\/wp-content\/uploads\/2023\/09\/2509-8-1-1024x576.jpg\" alt=\"\" class=\"wp-image-2419\" srcset=\"https:\/\/cmff.md\/wp-content\/uploads\/2023\/09\/2509-8-1-1024x576.jpg 1024w, https:\/\/cmff.md\/wp-content\/uploads\/2023\/09\/2509-8-1-300x169.jpg 300w, https:\/\/cmff.md\/wp-content\/uploads\/2023\/09\/2509-8-1-768x432.jpg 768w, https:\/\/cmff.md\/wp-content\/uploads\/2023\/09\/2509-8-1-1536x864.jpg 1536w, https:\/\/cmff.md\/wp-content\/uploads\/2023\/09\/2509-8-1.jpg 1600w\" sizes=\"auto, (max-width: 1024px) 100vw, 1024px\" \/><\/a><\/figure>\n\n\n\n<figure class=\"wp-block-image size-large\"><a href=\"https:\/\/cmff.md\/wp-content\/uploads\/2023\/09\/2509-10-1.jpg\"><img loading=\"lazy\" decoding=\"async\" width=\"1024\" height=\"577\" data-id=\"2418\" src=\"https:\/\/cmff.md\/wp-content\/uploads\/2023\/09\/2509-10-1-1024x577.jpg\" alt=\"\" class=\"wp-image-2418\" srcset=\"https:\/\/cmff.md\/wp-content\/uploads\/2023\/09\/2509-10-1-1024x577.jpg 1024w, https:\/\/cmff.md\/wp-content\/uploads\/2023\/09\/2509-10-1-300x169.jpg 300w, https:\/\/cmff.md\/wp-content\/uploads\/2023\/09\/2509-10-1-768x433.jpg 768w, https:\/\/cmff.md\/wp-content\/uploads\/2023\/09\/2509-10-1-1536x866.jpg 1536w, https:\/\/cmff.md\/wp-content\/uploads\/2023\/09\/2509-10-1.jpg 1600w\" sizes=\"auto, (max-width: 1024px) 100vw, 1024px\" \/><\/a><\/figure>\n\n\n\n<figure class=\"wp-block-image size-large\"><a href=\"https:\/\/cmff.md\/wp-content\/uploads\/2023\/09\/2509-11-1.jpg\"><img loading=\"lazy\" decoding=\"async\" width=\"1024\" height=\"576\" data-id=\"2417\" src=\"https:\/\/cmff.md\/wp-content\/uploads\/2023\/09\/2509-11-1-1024x576.jpg\" alt=\"\" class=\"wp-image-2417\" srcset=\"https:\/\/cmff.md\/wp-content\/uploads\/2023\/09\/2509-11-1-1024x576.jpg 1024w, https:\/\/cmff.md\/wp-content\/uploads\/2023\/09\/2509-11-1-300x169.jpg 300w, https:\/\/cmff.md\/wp-content\/uploads\/2023\/09\/2509-11-1-768x432.jpg 768w, https:\/\/cmff.md\/wp-content\/uploads\/2023\/09\/2509-11-1-1536x864.jpg 1536w, https:\/\/cmff.md\/wp-content\/uploads\/2023\/09\/2509-11-1.jpg 1600w\" sizes=\"auto, (max-width: 1024px) 100vw, 1024px\" \/><\/a><\/figure>\n\n\n\n<figure class=\"wp-block-image size-large\"><a href=\"https:\/\/cmff.md\/wp-content\/uploads\/2023\/09\/2509-12-1.jpg\"><img loading=\"lazy\" decoding=\"async\" width=\"1024\" height=\"577\" data-id=\"2421\" src=\"https:\/\/cmff.md\/wp-content\/uploads\/2023\/09\/2509-12-1-1024x577.jpg\" alt=\"\" class=\"wp-image-2421\" srcset=\"https:\/\/cmff.md\/wp-content\/uploads\/2023\/09\/2509-12-1-1024x577.jpg 1024w, https:\/\/cmff.md\/wp-content\/uploads\/2023\/09\/2509-12-1-300x169.jpg 300w, https:\/\/cmff.md\/wp-content\/uploads\/2023\/09\/2509-12-1-768x433.jpg 768w, https:\/\/cmff.md\/wp-content\/uploads\/2023\/09\/2509-12-1-1536x866.jpg 1536w, https:\/\/cmff.md\/wp-content\/uploads\/2023\/09\/2509-12-1.jpg 1600w\" sizes=\"auto, (max-width: 1024px) 100vw, 1024px\" \/><\/a><\/figure>\n\n\n\n<figure class=\"wp-block-image size-large\"><a href=\"https:\/\/cmff.md\/wp-content\/uploads\/2023\/09\/2509-14-1.jpg\"><img loading=\"lazy\" decoding=\"async\" width=\"1024\" height=\"577\" data-id=\"2420\" src=\"https:\/\/cmff.md\/wp-content\/uploads\/2023\/09\/2509-14-1-1024x577.jpg\" alt=\"\" class=\"wp-image-2420\" srcset=\"https:\/\/cmff.md\/wp-content\/uploads\/2023\/09\/2509-14-1-1024x577.jpg 1024w, https:\/\/cmff.md\/wp-content\/uploads\/2023\/09\/2509-14-1-300x169.jpg 300w, https:\/\/cmff.md\/wp-content\/uploads\/2023\/09\/2509-14-1-768x433.jpg 768w, https:\/\/cmff.md\/wp-content\/uploads\/2023\/09\/2509-14-1-1536x866.jpg 1536w, https:\/\/cmff.md\/wp-content\/uploads\/2023\/09\/2509-14-1.jpg 1600w\" sizes=\"auto, (max-width: 1024px) 100vw, 1024px\" \/><\/a><\/figure>\n<\/figure>\n\n\n\n<p><span style=\"font-family: 'times new roman', times, serif; font-size: 20px; color: #000000;\">Prin intermediul medicilor de familie au fost invita\u021bi pacien\u021bi la data de <strong>21.09.2023<\/strong> pentru a participa la o discu\u021bie (mas\u0103 rotund\u0103) \u00een scopul responsabiliz\u0103rii privind prevenirea maladiilor netransmisibile.<\/span><\/p>\n\n\n\n<figure class=\"wp-block-gallery has-nested-images columns-default is-cropped wp-block-gallery-4 is-layout-flex wp-block-gallery-is-layout-flex\">\n<figure class=\"wp-block-image size-large\"><a href=\"https:\/\/cmff.md\/wp-content\/uploads\/2023\/09\/2509-15-4.jpg\"><img loading=\"lazy\" decoding=\"async\" width=\"1024\" height=\"768\" data-id=\"2435\" src=\"https:\/\/cmff.md\/wp-content\/uploads\/2023\/09\/2509-15-4-1024x768.jpg\" alt=\"\" class=\"wp-image-2435\" srcset=\"https:\/\/cmff.md\/wp-content\/uploads\/2023\/09\/2509-15-4-1024x768.jpg 1024w, https:\/\/cmff.md\/wp-content\/uploads\/2023\/09\/2509-15-4-300x225.jpg 300w, https:\/\/cmff.md\/wp-content\/uploads\/2023\/09\/2509-15-4-768x576.jpg 768w, https:\/\/cmff.md\/wp-content\/uploads\/2023\/09\/2509-15-4-1536x1152.jpg 1536w, https:\/\/cmff.md\/wp-content\/uploads\/2023\/09\/2509-15-4.jpg 1600w\" sizes=\"auto, (max-width: 1024px) 100vw, 1024px\" \/><\/a><\/figure>\n\n\n\n<figure class=\"wp-block-image size-large\"><a href=\"https:\/\/cmff.md\/wp-content\/uploads\/2023\/09\/2509-16-4.jpg\"><img loading=\"lazy\" decoding=\"async\" width=\"1024\" height=\"768\" data-id=\"2437\" src=\"https:\/\/cmff.md\/wp-content\/uploads\/2023\/09\/2509-16-4-1024x768.jpg\" alt=\"\" class=\"wp-image-2437\" srcset=\"https:\/\/cmff.md\/wp-content\/uploads\/2023\/09\/2509-16-4-1024x768.jpg 1024w, https:\/\/cmff.md\/wp-content\/uploads\/2023\/09\/2509-16-4-300x225.jpg 300w, https:\/\/cmff.md\/wp-content\/uploads\/2023\/09\/2509-16-4-768x576.jpg 768w, https:\/\/cmff.md\/wp-content\/uploads\/2023\/09\/2509-16-4-1536x1152.jpg 1536w, https:\/\/cmff.md\/wp-content\/uploads\/2023\/09\/2509-16-4.jpg 1600w\" sizes=\"auto, (max-width: 1024px) 100vw, 1024px\" \/><\/a><\/figure>\n\n\n\n<figure class=\"wp-block-image size-large\"><a href=\"https:\/\/cmff.md\/wp-content\/uploads\/2023\/09\/2509-17-3.jpg\"><img loading=\"lazy\" decoding=\"async\" width=\"768\" height=\"1024\" data-id=\"2438\" src=\"https:\/\/cmff.md\/wp-content\/uploads\/2023\/09\/2509-17-3-768x1024.jpg\" alt=\"\" class=\"wp-image-2438\" srcset=\"https:\/\/cmff.md\/wp-content\/uploads\/2023\/09\/2509-17-3-768x1024.jpg 768w, https:\/\/cmff.md\/wp-content\/uploads\/2023\/09\/2509-17-3-225x300.jpg 225w, https:\/\/cmff.md\/wp-content\/uploads\/2023\/09\/2509-17-3-1152x1536.jpg 1152w, https:\/\/cmff.md\/wp-content\/uploads\/2023\/09\/2509-17-3.jpg 1200w\" sizes=\"auto, (max-width: 768px) 100vw, 768px\" \/><\/a><\/figure>\n\n\n\n<figure class=\"wp-block-image size-large\"><a href=\"https:\/\/cmff.md\/wp-content\/uploads\/2023\/09\/2509-18-4-rotated.jpg\"><img loading=\"lazy\" decoding=\"async\" width=\"768\" height=\"1024\" data-id=\"2436\" src=\"https:\/\/cmff.md\/wp-content\/uploads\/2023\/09\/2509-18-4-rotated.jpg\" alt=\"\" class=\"wp-image-2436\" srcset=\"https:\/\/cmff.md\/wp-content\/uploads\/2023\/09\/2509-18-4-rotated.jpg 768w, https:\/\/cmff.md\/wp-content\/uploads\/2023\/09\/2509-18-4-225x300.jpg 225w\" sizes=\"auto, (max-width: 768px) 100vw, 768px\" \/><\/a><\/figure>\n<\/figure>\n\n\n\n<p style=\"text-align: center;\"><span style=\"font-family: 'times new roman', times, serif; font-size: 24px; color: #000000;\"><strong><em>Director<\/em><\/strong><\/span><\/p>\n<p style=\"text-align: center;\"><span style=\"font-family: 'times new roman', times, serif; font-size: 24px; color: #000000;\"><strong><em>IMSP CMF Flore\u015fti\u00a0\u00a0\u00a0\u00a0\u00a0\u00a0\u00a0\u00a0\u00a0\u00a0\u00a0\u00a0\u00a0\u00a0\u00a0\u00a0\u00a0\u00a0\u00a0\u00a0\u00a0\u00a0\u00a0\u00a0\u00a0\u00a0\u00a0\u00a0\u00a0\u00a0\u00a0\u00a0\u00a0\u00a0\u00a0\u00a0\u00a0\u00a0\u00a0\u00a0\u00a0\u00a0\u00a0\u00a0\u00a0\u00a0\u00a0\u00a0\u00a0\u00a0\u00a0\u00a0 Svetlana RUSU<\/em><\/strong><\/span><\/p>\n","protected":false},"excerpt":{"rendered":"<p>IMSP CMF Flore\u0219ti V\u0103 informeaz\u0103 despre activit\u0103\u021bile, care au fost \u00eentreprinse pentru S\u0103pt\u0103m\u00e2na Mondial\u0103 de Ac\u021biune pentru prevenirea bolilor netransmisibile \u00een perioada 14 \u2013 21 septembrie 2023. Au fost organizate m\u0103suri at\u00e2t la nivel institu\u021bional, c\u00e2t \u0219i de c\u0103tre medicii de familie (discu\u021bii, convorbiri, prelegeri \u00een grupuri mici etc.) A fost organizat\u0103 efectuarea tonometriei arteriale [&hellip;]<\/p>\n","protected":false},"author":1,"featured_media":0,"parent":0,"menu_order":0,"comment_status":"closed","ping_status":"closed","template":"","meta":{"footnotes":""},"class_list":["post-859","page","type-page","status-publish","hentry"],"_links":{"self":[{"href":"https:\/\/cmff.md\/index.php?rest_route=\/wp\/v2\/pages\/859","targetHints":{"allow":["GET"]}}],"collection":[{"href":"https:\/\/cmff.md\/index.php?rest_route=\/wp\/v2\/pages"}],"about":[{"href":"https:\/\/cmff.md\/index.php?rest_route=\/wp\/v2\/types\/page"}],"author":[{"embeddable":true,"href":"https:\/\/cmff.md\/index.php?rest_route=\/wp\/v2\/users\/1"}],"replies":[{"embeddable":true,"href":"https:\/\/cmff.md\/index.php?rest_route=%2Fwp%2Fv2%2Fcomments&post=859"}],"version-history":[{"count":58,"href":"https:\/\/cmff.md\/index.php?rest_route=\/wp\/v2\/pages\/859\/revisions"}],"predecessor-version":[{"id":2440,"href":"https:\/\/cmff.md\/index.php?rest_route=\/wp\/v2\/pages\/859\/revisions\/2440"}],"wp:attachment":[{"href":"https:\/\/cmff.md\/index.php?rest_route=%2Fwp%2Fv2%2Fmedia&parent=859"}],"curies":[{"name":"wp","href":"https:\/\/api.w.org\/{rel}","templated":true}]}}