{"id":259,"date":"2016-04-07T14:37:04","date_gmt":"2016-04-07T11:37:04","guid":{"rendered":"http:\/\/cmff.md\/?page_id=259"},"modified":"2017-10-31T18:15:14","modified_gmt":"2017-10-31T15:15:14","slug":"intrebari-frecvente","status":"publish","type":"page","link":"https:\/\/cmff.md\/?page_id=259","title":{"rendered":"\u00ceNTREB\u0102RI FRECVENTE"},"content":{"rendered":"<p><span style=\"color: #000000;\"><strong>MODALITATEA DE ADRESARE:<\/strong><\/span><\/p>\n<p><span style=\"color: #000000;\"><strong>ATEN\u0162IE <\/strong>\u2013 asisten\u0163a medical\u0103, prev\u0103zut\u0103 \u00een Programul unic de asigur\u0103ri medicale obligatorii se acord\u0103 persoanelor, \u00eenregistrate pe lista medicilor de familie din IMSP CMF Flore\u0219ti.<\/span><\/p>\n<p><span style=\"color: #000000;\"><strong>Adresarea c\u0103tre medicul de familie (persoanele asigurate \u015fi neasigurate), prin \u00eenscriere preventiv\u0103\u00a0<\/strong>\u00een registratura CMF\u00a0 (str. \u0218tefan cel Mare, 37, tel 0250 25401)<\/span><\/p>\n","protected":false},"excerpt":{"rendered":"<p>MODALITATEA DE ADRESARE: ATEN\u0162IE \u2013 asisten\u0163a medical\u0103, prev\u0103zut\u0103 \u00een Programul unic de asigur\u0103ri medicale obligatorii se acord\u0103 persoanelor, \u00eenregistrate pe lista medicilor de familie din IMSP CMF Flore\u0219ti. Adresarea c\u0103tre medicul de familie (persoanele asigurate \u015fi neasigurate), prin \u00eenscriere preventiv\u0103\u00a0\u00een registratura CMF\u00a0 (str. \u0218tefan cel Mare, 37, tel 0250 25401)<\/p>\n","protected":false},"author":1,"featured_media":0,"parent":0,"menu_order":0,"comment_status":"closed","ping_status":"closed","template":"","meta":{"footnotes":""},"class_list":["post-259","page","type-page","status-publish","hentry"],"_links":{"self":[{"href":"https:\/\/cmff.md\/index.php?rest_route=\/wp\/v2\/pages\/259","targetHints":{"allow":["GET"]}}],"collection":[{"href":"https:\/\/cmff.md\/index.php?rest_route=\/wp\/v2\/pages"}],"about":[{"href":"https:\/\/cmff.md\/index.php?rest_route=\/wp\/v2\/types\/page"}],"author":[{"embeddable":true,"href":"https:\/\/cmff.md\/index.php?rest_route=\/wp\/v2\/users\/1"}],"replies":[{"embeddable":true,"href":"https:\/\/cmff.md\/index.php?rest_route=%2Fwp%2Fv2%2Fcomments&post=259"}],"version-history":[{"count":3,"href":"https:\/\/cmff.md\/index.php?rest_route=\/wp\/v2\/pages\/259\/revisions"}],"predecessor-version":[{"id":1007,"href":"https:\/\/cmff.md\/index.php?rest_route=\/wp\/v2\/pages\/259\/revisions\/1007"}],"wp:attachment":[{"href":"https:\/\/cmff.md\/index.php?rest_route=%2Fwp%2Fv2%2Fmedia&parent=259"}],"curies":[{"name":"wp","href":"https:\/\/api.w.org\/{rel}","templated":true}]}}