{"id":164,"date":"2016-04-07T11:17:25","date_gmt":"2016-04-07T09:17:25","guid":{"rendered":"http:\/\/cmff.md\/?page_id=164"},"modified":"2026-01-09T10:24:59","modified_gmt":"2026-01-09T08:24:59","slug":"despre-noi","status":"publish","type":"page","link":"https:\/\/cmff.md\/?page_id=164","title":{"rendered":"DESPRE NOI"},"content":{"rendered":"\n<hr \/>\n<p>\u00a0<\/p>\n<hr \/>\n<p>\u00a0<\/p>\n\n\n\n<div data-wp-interactive=\"core\/file\" class=\"wp-block-file\"><object data-wp-bind--hidden=\"!state.hasPdfPreview\" hidden class=\"wp-block-file__embed\" data=\"https:\/\/cmff.md\/wp-content\/uploads\/2026\/01\/Contract-CNAM-05-08-163-30.12.2025.semnat.pdf\" type=\"application\/pdf\" style=\"width:100%;height:600px\" aria-label=\"\u00cenglobare pentru Contract CNAM 05-08-163 30.12.2025.semnat.\"><\/object><a id=\"wp-block-file--media-05c94c5a-a463-4bfa-939d-2968a1d5a35e\" href=\"https:\/\/cmff.md\/wp-content\/uploads\/2026\/01\/Contract-CNAM-05-08-163-30.12.2025.semnat.pdf\">Contract CNAM 05-08-163 30.12.2025.semnat<\/a><a href=\"https:\/\/cmff.md\/wp-content\/uploads\/2026\/01\/Contract-CNAM-05-08-163-30.12.2025.semnat.pdf\" class=\"wp-block-file__button wp-element-button\" download aria-describedby=\"wp-block-file--media-05c94c5a-a463-4bfa-939d-2968a1d5a35e\">Descarc\u0103<\/a><\/div>\n\n\n\n<div data-wp-interactive=\"core\/file\" class=\"wp-block-file\"><object data-wp-bind--hidden=\"!state.hasPdfPreview\" hidden class=\"wp-block-file__embed\" data=\"https:\/\/cmff.md\/wp-content\/uploads\/2025\/08\/Contractul-de-acordare-a-asistentei-medicale.pdf\" type=\"application\/pdf\" style=\"width:100%;height:600px\" aria-label=\"\u00cenglobare pentru Contractul de acordare a asisten\u0163ei medicale.\"><\/object><a id=\"wp-block-file--media-3f18253e-5f54-4513-840a-c391e2d0417a\" href=\"https:\/\/cmff.md\/wp-content\/uploads\/2025\/08\/Contractul-de-acordare-a-asistentei-medicale.pdf\">Contractul de acordare a asisten\u0163ei medicale<\/a><a href=\"https:\/\/cmff.md\/wp-content\/uploads\/2025\/08\/Contractul-de-acordare-a-asistentei-medicale.pdf\" class=\"wp-block-file__button wp-element-button\" download aria-describedby=\"wp-block-file--media-3f18253e-5f54-4513-840a-c391e2d0417a\">Descarc\u0103<\/a><\/div>\n\n\n\n<div data-wp-interactive=\"core\/file\" class=\"wp-block-file\"><object data-wp-bind--hidden=\"!state.hasPdfPreview\" hidden class=\"wp-block-file__embed\" data=\"https:\/\/cmff.md\/wp-content\/uploads\/2025\/01\/Contract-CNAM-05-08-163-10.12.2024.semnat.pdf\" type=\"application\/pdf\" style=\"width:100%;height:600px\" aria-label=\"\u00cenglobare pentru Contract-CNAM-05-08-163-10.12.2024.semnat.\"><\/object><a id=\"wp-block-file--media-5c7dedf2-1965-4ea5-97e2-6ec204e2daf2\" href=\"https:\/\/cmff.md\/wp-content\/uploads\/2025\/01\/Contract-CNAM-05-08-163-10.12.2024.semnat.pdf\">Contract-CNAM-05-08-163-10.12.2024.semnat<\/a><a href=\"https:\/\/cmff.md\/wp-content\/uploads\/2025\/01\/Contract-CNAM-05-08-163-10.12.2024.semnat.pdf\" class=\"wp-block-file__button wp-element-button\" download aria-describedby=\"wp-block-file--media-5c7dedf2-1965-4ea5-97e2-6ec204e2daf2\">Descarc\u0103<\/a><\/div>\n\n\n\n<p style=\"text-align: center;\"><span style=\"color: #000000; font-family: 'times new roman', times, serif; font-size: 18pt;\"><strong>IMSP CMF FLORESTI<\/strong><\/span><\/p>\n<p style=\"text-align: center;\">\u00a0<\/p>\n<p style=\"text-align: center;\"><span style=\"font-family: 'times new roman', times, serif; font-size: 14pt; color: #000000;\"><strong>IMSP CMF Flore\u015fti <\/strong>are urm\u0103toarele obiective majore:<\/span><\/p>\n<p><span style=\"font-family: 'times new roman', times, serif; font-size: 14pt; color: #000000;\"><strong>a) <\/strong>sporirea accesibilit\u0103\u0163ii popula\u0163iei la asisten\u0163a medical\u0103 primar\u0103;<\/span><\/p>\n<p><span style=\"font-family: 'times new roman', times, serif; font-size: 14pt; color: #000000;\"><strong>b)<\/strong> imbun\u0103t\u0103\u0163irea calit\u0103\u0163ii serviciilor medicale prin fortificarea nivelului profesional \u015fi tehnologic, orientat spre asigurarea securit\u0103\u0163ii pacientului \u015fi respectarea drepturilor acestuia;<\/span><\/p>\n<p><span style=\"font-family: 'times new roman', times, serif; font-size: 14pt; color: #000000;\"><strong>c)<\/strong> ameliorarea indicatorilor de s\u0103n\u0103tate prin realizarea m\u0103surilor de profilaxie, de tratament al bolilor \u015fi a activit\u0103\u0163ilor de supraveghere \u015fi reabilitare a pacien\u0163ilor \u00een conformitate cu normele stabilite \u00een condi\u0163ii de ambulator \u015fi la domiciliu, de mobilizare a comunit\u0103\u0163ii \u00een sus\u0163inerea modului s\u0103n\u0103tos de via\u0163a \u015fi diminuarea ac\u0163iunii factorilor de risc de \u00eemboln\u0103vire.<\/span><\/p>\n<p>\u00a0<\/p>\n<p style=\"text-align: center;\">\u00a0<\/p>\n\n\n\n<div data-wp-interactive=\"core\/file\" class=\"wp-block-file\"><object data-wp-bind--hidden=\"!state.hasPdfPreview\" hidden class=\"wp-block-file__embed\" data=\"https:\/\/cmff.md\/wp-content\/uploads\/2024\/01\/CERTIFICAT-DE-ACREDITARE-23.05.2022-valabil-5-ani.pdf\" type=\"application\/pdf\" style=\"width:100%;height:600px\" aria-label=\"\u00cenglobare pentru CERTIFICAT-DE-ACREDITARE-23.05.2022-valabil-5-ani.\"><\/object><a id=\"wp-block-file--media-c1351f9a-266d-4478-b4a3-3c4c1fb5db19\" href=\"https:\/\/cmff.md\/wp-content\/uploads\/2024\/01\/CERTIFICAT-DE-ACREDITARE-23.05.2022-valabil-5-ani.pdf\">CERTIFICAT-DE-ACREDITARE-23.05.2022-valabil-5-ani<\/a><a href=\"https:\/\/cmff.md\/wp-content\/uploads\/2024\/01\/CERTIFICAT-DE-ACREDITARE-23.05.2022-valabil-5-ani.pdf\" class=\"wp-block-file__button wp-element-button\" download aria-describedby=\"wp-block-file--media-c1351f9a-266d-4478-b4a3-3c4c1fb5db19\">\u0421\u043a\u0430\u0447\u0430\u0442\u044c<\/a><\/div>\n\n\n\n<div data-wp-interactive=\"core\/file\" class=\"wp-block-file\"><object data-wp-bind--hidden=\"!state.hasPdfPreview\" hidden class=\"wp-block-file__embed\" data=\"https:\/\/cmff.md\/wp-content\/uploads\/2024\/01\/Invoice-9Q219934-1.pdf\" type=\"application\/pdf\" style=\"width:100%;height:600px\" aria-label=\"\u00cenglobare pentru Invoice-9Q219934-1.\"><\/object><a id=\"wp-block-file--media-b9ea4ef5-f1ad-4595-8246-a7d877ff950c\" href=\"https:\/\/cmff.md\/wp-content\/uploads\/2024\/01\/Invoice-9Q219934-1.pdf\">Invoice-9Q219934-1<\/a><a href=\"https:\/\/cmff.md\/wp-content\/uploads\/2024\/01\/Invoice-9Q219934-1.pdf\" class=\"wp-block-file__button wp-element-button\" download aria-describedby=\"wp-block-file--media-b9ea4ef5-f1ad-4595-8246-a7d877ff950c\">Descarc\u0103<\/a><\/div>\n\n\n\n<div data-wp-interactive=\"core\/file\" class=\"wp-block-file\"><object data-wp-bind--hidden=\"!state.hasPdfPreview\" hidden class=\"wp-block-file__embed\" data=\"https:\/\/cmff.md\/wp-content\/uploads\/2024\/01\/Invoice-9Q219934-2.pdf\" type=\"application\/pdf\" style=\"width:100%;height:600px\" aria-label=\"\u00cenglobare pentru Invoice-9Q219934-2.\"><\/object><a id=\"wp-block-file--media-026c77d6-f430-4d60-b1cf-69e9dcc1566a\" href=\"https:\/\/cmff.md\/wp-content\/uploads\/2024\/01\/Invoice-9Q219934-2.pdf\">Invoice-9Q219934-2<\/a><a href=\"https:\/\/cmff.md\/wp-content\/uploads\/2024\/01\/Invoice-9Q219934-2.pdf\" class=\"wp-block-file__button wp-element-button\" download aria-describedby=\"wp-block-file--media-026c77d6-f430-4d60-b1cf-69e9dcc1566a\">\u0421\u043a\u0430\u0447\u0430\u0442\u044c<\/a><\/div>\n\n\n\n<div data-wp-interactive=\"core\/file\" class=\"wp-block-file\"><object data-wp-bind--hidden=\"!state.hasPdfPreview\" hidden class=\"wp-block-file__embed\" data=\"http:\/\/cmff.md\/wp-content\/uploads\/2022\/04\/AUTORIZATIE-SANITARA-2.pdf\" type=\"application\/pdf\" style=\"width:100%;height:600px\" aria-label=\"\u00cenglobare pentru AUTORIZATIE-SANITARA-2.\"><\/object><a id=\"wp-block-file--media-60238951-5038-4722-bfd5-e3e97214239f\" href=\"http:\/\/cmff.md\/wp-content\/uploads\/2022\/04\/AUTORIZATIE-SANITARA-2.pdf\">AUTORIZATIE-SANITARA-2<\/a><a href=\"http:\/\/cmff.md\/wp-content\/uploads\/2022\/04\/AUTORIZATIE-SANITARA-2.pdf\" class=\"wp-block-file__button wp-element-button\" download aria-describedby=\"wp-block-file--media-60238951-5038-4722-bfd5-e3e97214239f\">Descarc\u0103<\/a><\/div>\n\n\n\n<div data-wp-interactive=\"core\/file\" class=\"wp-block-file\"><object data-wp-bind--hidden=\"!state.hasPdfPreview\" hidden class=\"wp-block-file__embed\" data=\"http:\/\/cmff.md\/wp-content\/uploads\/2022\/04\/Diploma-1.pdf\" type=\"application\/pdf\" style=\"width:100%;height:600px\" aria-label=\"\u00cenglobare pentru Diploma-1.\"><\/object><a id=\"wp-block-file--media-b2e898d9-cf63-4e0f-a8d4-0fac56556e56\" href=\"http:\/\/cmff.md\/wp-content\/uploads\/2022\/04\/Diploma-1.pdf\">Diploma-1<\/a><a href=\"http:\/\/cmff.md\/wp-content\/uploads\/2022\/04\/Diploma-1.pdf\" class=\"wp-block-file__button wp-element-button\" download aria-describedby=\"wp-block-file--media-b2e898d9-cf63-4e0f-a8d4-0fac56556e56\">Descarc\u0103<\/a><\/div>\n\n\n\n<div data-wp-interactive=\"core\/file\" class=\"wp-block-file\"><object data-wp-bind--hidden=\"!state.hasPdfPreview\" hidden class=\"wp-block-file__embed\" data=\"http:\/\/cmff.md\/wp-content\/uploads\/2023\/02\/CNAM-contract-2023-1.pdf\" type=\"application\/pdf\" style=\"width:100%;height:600px\" aria-label=\"\u00cenglobare pentru CNAM-contract-2023-1.\"><\/object><a id=\"wp-block-file--media-c102e9f1-0b02-4bca-ba14-4d05a9c74e7f\" href=\"http:\/\/cmff.md\/wp-content\/uploads\/2023\/02\/CNAM-contract-2023-1.pdf\">CNAM-contract-2023-1<\/a><a href=\"http:\/\/cmff.md\/wp-content\/uploads\/2023\/02\/CNAM-contract-2023-1.pdf\" class=\"wp-block-file__button wp-element-button\" download aria-describedby=\"wp-block-file--media-c102e9f1-0b02-4bca-ba14-4d05a9c74e7f\">Descarc\u0103<\/a><\/div>\n\n\n\n<div data-wp-interactive=\"core\/file\" class=\"wp-block-file\"><object data-wp-bind--hidden=\"!state.hasPdfPreview\" hidden class=\"wp-block-file__embed\" data=\"http:\/\/cmff.md\/wp-content\/uploads\/2022\/04\/Contract_2021-1.pdf\" type=\"application\/pdf\" style=\"width:100%;height:600px\" aria-label=\"\u00cenglobare pentru Contract_2021-1.\"><\/object><a id=\"wp-block-file--media-3ccfe01d-5022-4d2d-8f96-05183ae8dfd0\" href=\"http:\/\/cmff.md\/wp-content\/uploads\/2022\/04\/Contract_2021-1.pdf\">Contract_2021-1<\/a><a href=\"http:\/\/cmff.md\/wp-content\/uploads\/2022\/04\/Contract_2021-1.pdf\" class=\"wp-block-file__button wp-element-button\" download aria-describedby=\"wp-block-file--media-3ccfe01d-5022-4d2d-8f96-05183ae8dfd0\">Descarc\u0103<\/a><\/div>\n\n\n\n<div data-wp-interactive=\"core\/file\" class=\"wp-block-file\"><object data-wp-bind--hidden=\"!state.hasPdfPreview\" hidden class=\"wp-block-file__embed\" data=\"http:\/\/cmff.md\/wp-content\/uploads\/2022\/04\/Contract_2020-1.pdf\" type=\"application\/pdf\" style=\"width:100%;height:600px\" aria-label=\"\u00cenglobare pentru Contract_2020-1.\"><\/object><a id=\"wp-block-file--media-89c31bab-99ce-483f-8cf5-09676bc299f7\" href=\"http:\/\/cmff.md\/wp-content\/uploads\/2022\/04\/Contract_2020-1.pdf\">Contract_2020-1<\/a><a href=\"http:\/\/cmff.md\/wp-content\/uploads\/2022\/04\/Contract_2020-1.pdf\" class=\"wp-block-file__button wp-element-button\" download aria-describedby=\"wp-block-file--media-89c31bab-99ce-483f-8cf5-09676bc299f7\">Descarc\u0103<\/a><\/div>\n\n\n\n<div data-wp-interactive=\"core\/file\" class=\"wp-block-file\"><object data-wp-bind--hidden=\"!state.hasPdfPreview\" hidden class=\"wp-block-file__embed\" data=\"http:\/\/cmff.md\/wp-content\/uploads\/2022\/04\/Contract_2019-1.pdf\" type=\"application\/pdf\" style=\"width:100%;height:600px\" aria-label=\"\u00cenglobare pentru Contract_2019-1.\"><\/object><a id=\"wp-block-file--media-40a42873-3b3e-4db5-a9e7-30ff2cc867be\" href=\"http:\/\/cmff.md\/wp-content\/uploads\/2022\/04\/Contract_2019-1.pdf\">Contract_2019-1<\/a><a href=\"http:\/\/cmff.md\/wp-content\/uploads\/2022\/04\/Contract_2019-1.pdf\" class=\"wp-block-file__button wp-element-button\" download aria-describedby=\"wp-block-file--media-40a42873-3b3e-4db5-a9e7-30ff2cc867be\">Descarc\u0103<\/a><\/div>\n","protected":false},"excerpt":{"rendered":"<p>\u00a0 \u00a0 IMSP CMF FLORESTI \u00a0 IMSP CMF Flore\u015fti are urm\u0103toarele obiective majore: a) sporirea accesibilit\u0103\u0163ii popula\u0163iei la asisten\u0163a medical\u0103 primar\u0103; b) imbun\u0103t\u0103\u0163irea calit\u0103\u0163ii serviciilor medicale prin fortificarea nivelului profesional \u015fi tehnologic, orientat spre asigurarea securit\u0103\u0163ii pacientului \u015fi respectarea drepturilor acestuia; c) ameliorarea indicatorilor de s\u0103n\u0103tate prin realizarea m\u0103surilor de profilaxie, de tratament al bolilor [&hellip;]<\/p>\n","protected":false},"author":1,"featured_media":0,"parent":0,"menu_order":0,"comment_status":"closed","ping_status":"closed","template":"","meta":{"footnotes":""},"class_list":["post-164","page","type-page","status-publish","hentry"],"_links":{"self":[{"href":"https:\/\/cmff.md\/index.php?rest_route=\/wp\/v2\/pages\/164","targetHints":{"allow":["GET"]}}],"collection":[{"href":"https:\/\/cmff.md\/index.php?rest_route=\/wp\/v2\/pages"}],"about":[{"href":"https:\/\/cmff.md\/index.php?rest_route=\/wp\/v2\/types\/page"}],"author":[{"embeddable":true,"href":"https:\/\/cmff.md\/index.php?rest_route=\/wp\/v2\/users\/1"}],"replies":[{"embeddable":true,"href":"https:\/\/cmff.md\/index.php?rest_route=%2Fwp%2Fv2%2Fcomments&post=164"}],"version-history":[{"count":15,"href":"https:\/\/cmff.md\/index.php?rest_route=\/wp\/v2\/pages\/164\/revisions"}],"predecessor-version":[{"id":2613,"href":"https:\/\/cmff.md\/index.php?rest_route=\/wp\/v2\/pages\/164\/revisions\/2613"}],"wp:attachment":[{"href":"https:\/\/cmff.md\/index.php?rest_route=%2Fwp%2Fv2%2Fmedia&parent=164"}],"curies":[{"name":"wp","href":"https:\/\/api.w.org\/{rel}","templated":true}]}}